71b3
-12214 (base 6) to base 16
-712
Convert -ad3 (base 15) to base 14.
-c6c
-30557 (base 9) to base 14
-74a8
1110001000110010 (base 2) to base 4
32020302
Convert -112110021 (base 3) to base 5.
-314122
What is 5d5 (base 15) in base 3?
1211002
-2121 (base 4) to base 2
-10011001
-100113 (base 5) to base 9
-4288
-77b (base 14) to base 11
-1127
Convert -6255 (base 13) to base 6.
-142530
111001111 (base 2) to base 11
391
What is 110110000 (base 2) in base 4?
12300
What is 631 (base 8) in base 4?
12121
Convert 11477 (base 8) to base 10.
4927
-170b (base 15) to base 12
-2a55
Convert -102012011 (base 3) to base 4.
-1333132
Convert 11101001010 (base 2) to base 3.
2120010
What is -1004 (base 8) in base 11?
-42a
Convert 1 (base 2) to base 10.
1
What is -334 (base 9) in base 8?
-422
Convert 1030 (base 5) to base 8.
214
Convert -115a (base 14) to base 4.
-233030
-214 (base 6) to base 11
-75
Convert 216 (base 7) to base 15.
76
Convert -11120 (base 6) to base 8.
-3030
Convert -30 (base 10) to base 16.
-1e
-540 (base 16) to base 7
-3630
What is 55145 (base 6) in base 9?
11412
Convert -37576 (base 11) to base 16.
-d2a8
-10124 (base 6) to base 14
-6c4
Convert 404531 (base 6) to base 4.
13312213
-10501 (base 6) to base 11
-1123
What is -34aa (base 14) in base 5?
-243131
-2847 (base 9) to base 4
-201211
What is 11016 (base 7) in base 3?
10210010
-3103 (base 5) to base 6
-1511
What is -273 (base 9) in base 6?
-1020
What is -18c8 (base 14) in base 10?
-4488
Convert 241 (base 5) to base 13.
56
Convert 11321301 (base 4) to base 11.
1718a
Convert 2e52 (base 15) to base 6.
114105
What is -c5 (base 16) in base 7?
-401
-20311 (base 5) to base 9
-1738
What is -6855 (base 10) in base 14?
-26d9
-128 (base 12) to base 5
-1201
Convert 435 (base 16) to base 11.
89a
Convert 113012 (base 4) to base 11.
1124
What is a2a7 (base 11) in base 13?
62b6
What is 6a (base 16) in base 3?
10221
11000101011 (base 2) to base 13
946
-350 (base 6) to base 7
-255
-62775 (base 8) to base 16
-65fd
Convert -1111111000 (base 2) to base 8.
-1770
-3032 (base 4) to base 6
-542
-3369 (base 13) to base 14
-2893
Convert -a768 (base 14) to base 11.
-1a797
Convert 10010 (base 5) to base 7.
1560
What is 498 (base 16) in base 5?
14201
What is -23212 (base 6) in base 9?
-4488
What is 1a2 (base 13) in base 12?
211
What is -249 (base 10) in base 8?
-371
33134 (base 7) to base 4
2001302
Convert a833 (base 11) to base 9.
21564
a781 (base 13) to base 2
101101011011010
-2268 (base 13) to base 16
-12d2
375 (base 13) to base 9
740
-5823 (base 10) to base 4
-1122333
Convert -219a8 (base 12) to base 16.
-ae50
What is -10658 (base 9) in base 6?
-52512
What is 1302 (base 6) in base 3?
110002
What is -14a (base 11) in base 14?
-c7
-3b2 (base 15) to base 12
-5a2
Convert -1c (base 14) to base 8.
-32
What is -42724 (base 9) in base 4?
-12322003
What is 637 (base 9) in base 14?
292
-457 (base 14) to base 13
-513
Convert -12022001 (base 3) to base 10.
-3862
Convert -101111010000 (base 2) to base 14.
-1160
Convert 45334 (base 8) to base 9.
28253
Convert -686 (base 16) to base 11.
-1289
-10012212 (base 4) to base 16
-41a6
Convert -3110002 (base 4) to base 6.
-142454
Convert 10022010 (base 3) to base 11.
1898
-1427 (base 13) to base 7
-11321
29b (base 12) to base 4
12113
-102300 (base 4) to base 15
-550
-2561 (base 9) to base 15
-87d
1066 (base 8) to base 12
3b2
What is 112323 (base 4) in base 7?
4164
What is -6638 (base 9) in base 12?
-29bb
208 (base 15) to base 14
24a
What is 8fa (base 16) in base 3?
10011010
Convert -45b (base 12) to base 4.
-22013
4755 (base 9) to base 16
dcd
Convert 964 (base 10) to base 7.
2545
-1210001 (base 4) to base 7
-24443
Convert -214a (base 13) to base 7.
-16325
400 (base 5) to base 13
79
Convert -43e (base 15) to base 7.
-2540
b80 (base 12) to base 10
1680
What is -1e19 (base 15) in base 11?
-4a14
What is 2731 (base 8) in base 9?
2043
What is -201101000 (base 3) in base 5?
-422441
Convert 1000000001111 (base 2) to base 16.
100f
Convert -4342 (base 10) to base 2.
-1000011110110
2202 (base 6) to base 8
772
Convert -111010111 (base 2) to base 4.
-13113
2331 (base 7) to base 14
451
Convert 13021 (base 4) to base 10.
457
Convert b47 (base 12) to base 11.
1260
What is b242 (base 14) in base 10?
30634
1110101000111 (base 2) to base 6
54411
Convert 7d2 (base 15) to base 2.
11011101100
28c (base 16) to base 3
220011
71886 (base 9) to base 5
3004012
a9e (base 16) to base 5
41333
What is 62337 (base 8) in base 15?
79b8
Convert -21303 (base 4) to base 16.
-273
What is 400 (base 12) in base 14?
2d2
Convert 2694 (base 12) to base 3.
20002011
2c33 (base 16) to base 3
120112002
-787 (base 14) to base 16
-5d3
What is 1200 (base 6) in base 4?
10200
-344210 (base 6) to base 2
-111001100001110
What is 222 (base 10) in base 12?
166
Convert 6688 (base 13) to base 3.
201121221
-123202 (base 4) to base 14
-8dc
What is -202230 (base 4) in base 16?
-8ac
What is -571 (base 13) in base 11?
-782
Convert -1321001 (base 4) to base 11.
-5901
What is 104e (base 15) in base 8?
6571
Convert 623 (base 7) to base 14.
183
What is -2220101 (base 3) in base 6?
-13444
Convert 134 (base 9) to base 11.
a2
Convert 3303100 (base 4) to base 12.
9014
What is -5e (base 15) in base 3?
-10022
What is -15070 (base 9) in base 6?
-115313
Convert -3087 (base 14) to base 9.
-12408
-636 (base 11) to base 10
-765
9d2 (base 16) to base 10
2514
Convert 101222012 (base 3) to base 9.
11865
1214 (base 6) to base 4
10222
Convert -181 (base 12) to base 2.
-11110001
Convert 33210 (base 6) to base 14.
1978
-504e (base 16) to base 3
-1001012102
-684 (base 16) to base 11
-1287
21446 (base 8) to base 15
29ed
Convert 333330 (base 4) to base 11.
3090
25 (base 16) to base 3
1101
What is -1025 (base 9) in base 6?
-3252
-13bd (base 14) to base 2
-110110101011
What is 111111110011 (base 2) in base 16?
ff3
Convert 11112011221 (base 3) to base 15.
1b5d1
What is 307 (base 11) in base 16?
172
6165 (base 8) to base 13
15b4
7880 (base 12) to base 5
411334
Convert -18 (base 15) to base 2.
-10111
Convert 31321 (base 4) to base 14.
477
Convert a86c (base 16) to base 11.
2a437
826 (base 12) to base 8
2236
What is 33233330 (base 4) in base 5?
4031013
Convert bb3 (base 12) to base 7.
5004
What is -652 (base 10) in base 3?
-220011
What is -1011001001001 (base 2) in base 8?
-13111
1030033 (base 4) to base 5
124004
What is -8201 (base 13) in base 11?
-12507
What is -21a (base 12) in base 13?
-1ab
Convert -18c6 (base 16) to base 11.
-4846
What is -120 (base 10) in base 7?
-231
Convert 254 (base 13) to base 5.
3112
What is -15b6 (base 13) in base 16?
-c77
Convert 111221 (base 3) to base 10.
376
50241 (base 6) to base 11
4a3a
Convert 331 (base 13) to base 9.
667
Convert 147 (base 14) to base 10.
259
2abc (base 16) to base 9
16005
Convert 4377 (base 8) to base 13.
1082
Convert 323 (base 8) to base 9.
254
What is -1464 (base 7) in base 5?
-4320
6741 (base 10) to base 2
1101001010101
Convert 6046 (base 8) to base 10.
3110
What is 3332 (base 4) in base 8?
376
What is 600 (base 10) in base 2?
1001011000
What is 589 (base 14) in base 15?
4d6
Convert 2614 (base 8) to base 3.
1221121
Convert 3330 (base 5) to base 8.
721
644 (base 15) to base 5
21124
What is -20b7 (base 14) in base 3?
-21202020
Convert -2876 (base 11) to base 2.
-111010000001
-20432 (base 5) to base 15
-612
What is 3443 (base 5) in base 9?
613
What is -1210200112 (base 3) in base 15?
-a7b2
What is -2854 (base 10) in base 14?
-107c
Convert -2331 (base 6) to base 16.
-22f
What is -d1 (base 15) in base 14?
-100
Convert -240 (base 9) to base 14.
-102
Convert -1f5 (base 16) to base 2.
-111110101
What is 226 (base 8) in base 10?
150
-203321 (base 4) to base 6
-14345
Convert 100001 (base 3) to base 13.
15a
Convert 1b (base 13) to base 14.
1a
What is -1112221 (base 3) in base 10?
-1132
Convert 6433 (base 10) to base 4.
1210201
Convert -1011010110 (base 2) to base 9.
-886
What is 82a (base 12) in base 11?
989
Convert -2301 (base 7) to base 12.
-596
What is 431 (base 11) in base 16?
206
55e (base 15) to base 4
102332
What is 3bc (base 13) in base 10?
662
1349 (base 11) to base 2
11011010011
Convert 2d6 (base 16) to base 2.
1011010110
What is -380 (base 12) in base 16?
-210
What is -800 (base 12) in base 5?
-14102
What is -2236 (base 8) 